{"id":2090,"date":"2023-11-20T19:11:49","date_gmt":"2023-11-20T18:11:49","guid":{"rendered":"https:\/\/rezal.hr\/?page_id=2090"},"modified":"2025-12-04T21:34:13","modified_gmt":"2025-12-04T20:34:13","slug":"homepage-2","status":"publish","type":"page","link":"https:\/\/rezal.hr\/","title":{"rendered":"Homepage"},"content":{"rendered":"\t\t<div data-elementor-type=\"wp-page\" data-elementor-id=\"2090\" class=\"elementor elementor-2090\">\n\t\t\t\t\t\t\t<div class=\"elementor-element elementor-element-946d14d e-flex e-con-boxed e-con e-parent\" data-id=\"946d14d\" data-element_type=\"container\" data-settings=\"{&quot;content_width&quot;:&quot;boxed&quot;}\" data-core-v316-plus=\"true\">\n\t\t\t\t\t<div class=\"e-con-inner\">\n\t\t<div class=\"elementor-element elementor-element-398e879 e-flex e-con-boxed e-con e-child\" data-id=\"398e879\" data-element_type=\"container\" data-settings=\"{&quot;content_width&quot;:&quot;boxed&quot;}\">\n\t\t\t\t\t<div class=\"e-con-inner\">\n\t\t\t\t<div class=\"elementor-element elementor-element-b3db6bd elementor-widget__width-initial elementor-widget elementor-widget-image\" data-id=\"b3db6bd\" data-element_type=\"widget\" data-widget_type=\"image.default\">\n\t\t\t\t<div class=\"elementor-widget-container\">\n\t\t\t<style>\/*! elementor - v3.17.0 - 08-11-2023 *\/\n.elementor-widget-image{text-align:center}.elementor-widget-image a{display:inline-block}.elementor-widget-image a img[src$=\".svg\"]{width:48px}.elementor-widget-image img{vertical-align:middle;display:inline-block}<\/style>\t\t\t\t\t\t\t\t\t\t\t\t\t<a href=\"https:\/\/rezal.hr\/\">\n\t\t\t\t\t\t\t<img fetchpriority=\"high\" decoding=\"async\" width=\"768\" height=\"162\" src=\"https:\/\/rezal.hr\/wp-content\/uploads\/2023\/11\/rezal-logo.svg\" class=\"attachment-full size-full wp-image-2037\" alt=\"\" \/>\t\t\t\t\t\t\t\t<\/a>\n\t\t\t\t\t\t\t\t\t\t\t\t\t\t\t<\/div>\n\t\t\t\t<\/div>\n\t\t\t\t<div class=\"elementor-element elementor-element-4ea93f8 elementor-widget elementor-widget-heading\" data-id=\"4ea93f8\" data-element_type=\"widget\" data-widget_type=\"heading.default\">\n\t\t\t\t<div class=\"elementor-widget-container\">\n\t\t\t<style>\/*! elementor - v3.17.0 - 08-11-2023 *\/\n.elementor-heading-title{padding:0;margin:0;line-height:1}.elementor-widget-heading .elementor-heading-title[class*=elementor-size-]>a{color:inherit;font-size:inherit;line-height:inherit}.elementor-widget-heading .elementor-heading-title.elementor-size-small{font-size:15px}.elementor-widget-heading .elementor-heading-title.elementor-size-medium{font-size:19px}.elementor-widget-heading .elementor-heading-title.elementor-size-large{font-size:29px}.elementor-widget-heading .elementor-heading-title.elementor-size-xl{font-size:39px}.elementor-widget-heading .elementor-heading-title.elementor-size-xxl{font-size:59px}<\/style><h2 class=\"elementor-heading-title elementor-size-default\"><a href=\"https:\/\/rezal.hr\/?page_id=2062\">Virtualna \u0161etnica<\/a><\/h2>\t\t<\/div>\n\t\t\t\t<\/div>\n\t\t\t\t<div class=\"elementor-element elementor-element-26978e5 elementor-widget elementor-widget-heading\" data-id=\"26978e5\" data-element_type=\"widget\" data-widget_type=\"heading.default\">\n\t\t\t\t<div class=\"elementor-widget-container\">\n\t\t\t<h2 class=\"elementor-heading-title elementor-size-default\"><a href=\"https:\/\/rezal.hr\/?page_id=2130\">Projekti<\/a><\/h2>\t\t<\/div>\n\t\t\t\t<\/div>\n\t\t\t\t\t<\/div>\n\t\t\t\t<\/div>\n\t\t<div class=\"elementor-element elementor-element-716d61f e-flex e-con-boxed e-con e-child\" data-id=\"716d61f\" data-element_type=\"container\" data-settings=\"{&quot;content_width&quot;:&quot;boxed&quot;}\">\n\t\t\t\t\t<div class=\"e-con-inner\">\n\t\t\t\t<div class=\"elementor-element elementor-element-8752be6 elementor-hidden-mobile elementor-widget elementor-widget-image\" data-id=\"8752be6\" data-element_type=\"widget\" data-widget_type=\"image.default\">\n\t\t\t\t<div class=\"elementor-widget-container\">\n\t\t\t\t\t\t\t\t\t\t\t\t\t\t\t<img decoding=\"async\" width=\"800\" height=\"800\" src=\"https:\/\/rezal.hr\/wp-content\/uploads\/2023\/11\/rezal-union-1.svg\" class=\"attachment-large size-large wp-image-2042\" alt=\"\" \/>\t\t\t\t\t\t\t\t\t\t\t\t\t\t\t<\/div>\n\t\t\t\t<\/div>\n\t\t\t\t<div class=\"elementor-element elementor-element-ea2d063 elementor-widget elementor-widget-text-editor\" data-id=\"ea2d063\" data-element_type=\"widget\" data-widget_type=\"text-editor.default\">\n\t\t\t\t<div class=\"elementor-widget-container\">\n\t\t\t<style>\/*! elementor - v3.17.0 - 08-11-2023 *\/\n.elementor-widget-text-editor.elementor-drop-cap-view-stacked .elementor-drop-cap{background-color:#69727d;color:#fff}.elementor-widget-text-editor.elementor-drop-cap-view-framed .elementor-drop-cap{color:#69727d;border:3px solid;background-color:transparent}.elementor-widget-text-editor:not(.elementor-drop-cap-view-default) .elementor-drop-cap{margin-top:8px}.elementor-widget-text-editor:not(.elementor-drop-cap-view-default) .elementor-drop-cap-letter{width:1em;height:1em}.elementor-widget-text-editor .elementor-drop-cap{float:left;text-align:center;line-height:1;font-size:50px}.elementor-widget-text-editor .elementor-drop-cap-letter{display:inline-block}<\/style>\t\t\t\t<h3>Web stranica je u izradi<\/h3>\n<p>Trenutno unaprje\u0111ujemo na\u0161u web stranicu.<br>Izrada web stranice je financirana <a href=\"https:\/\/strukturnifondovi.hr\/\">europskim fondovima<\/a>. Kako bismo vam pru\u017eili bolje korisni\u010dko iskustvo. Zahvaljujemo na strpljenju. Za sve upite ili informacije, slobodno nas kontaktirajte.<\/p>\t\t\t\t\t\t<\/div>\n\t\t\t\t<\/div>\n\t\t\t\t\t<\/div>\n\t\t\t\t<\/div>\n\t\t<div class=\"elementor-element elementor-element-ab25d5d e-flex e-con-boxed e-con e-child\" data-id=\"ab25d5d\" data-element_type=\"container\" data-settings=\"{&quot;content_width&quot;:&quot;boxed&quot;}\">\n\t\t\t\t\t<div class=\"e-con-inner\">\n\t\t\t\t<div class=\"elementor-element elementor-element-16c3cc2 elementor-widget elementor-widget-text-editor\" data-id=\"16c3cc2\" data-element_type=\"widget\" data-widget_type=\"text-editor.default\">\n\t\t\t\t<div class=\"elementor-widget-container\">\n\t\t\t\t\t\t\t<p><strong>Rezal d.o.o.<\/strong><br \/>Dra\u010devac 9, Split<br \/>21000, Split<\/p>\t\t\t\t\t\t<\/div>\n\t\t\t\t<\/div>\n\t\t\t\t<div class=\"elementor-element elementor-element-5d3f57c elementor-widget elementor-widget-text-editor\" data-id=\"5d3f57c\" data-element_type=\"widget\" data-widget_type=\"text-editor.default\">\n\t\t\t\t<div class=\"elementor-widget-container\">\n\t\t\t\t\t\t\t<p>Ra\u010dunovodstvo<br \/><a class=\"c-link c-link--underline\" href=\"mailto:racunovodstvo@rezal.hr\" target=\"_blank\" rel=\"noopener noreferrer\" data-stringify-link=\"mailto:racunovodstvo@rezal.hr\" data-sk=\"tooltip_parent\" aria-haspopup=\"menu\">racunovodstvo@rezal.hr<\/a>\u00a0<br \/>021 374\u00a0303<\/p>\t\t\t\t\t\t<\/div>\n\t\t\t\t<\/div>\n\t\t\t\t<div class=\"elementor-element elementor-element-d9760d2 elementor-widget elementor-widget-text-editor\" data-id=\"d9760d2\" data-element_type=\"widget\" data-widget_type=\"text-editor.default\">\n\t\t\t\t<div class=\"elementor-widget-container\">\n\t\t\t\t\t\t\t<p>Prodaja<br \/><a class=\"c-link c-link--underline\" href=\"mailto:rezal.split@rezal.hr\" target=\"_blank\" rel=\"noopener noreferrer\" data-stringify-link=\"mailto:rezal.split@rezal.hr\" data-sk=\"tooltip_parent\" aria-haspopup=\"menu\">rezal.split@rezal.hr<\/a><\/p>\t\t\t\t\t\t<\/div>\n\t\t\t\t<\/div>\n\t\t\t\t\t<\/div>\n\t\t\t\t<\/div>\n\t\t\t\t\t<\/div>\n\t\t\t\t<\/div>\n\t\t\t\t\t\t\t<\/div>\n\t\t","protected":false},"excerpt":{"rendered":"<p>Virtualna \u0161etnica Projekti Web stranica je u izradi Trenutno unaprje\u0111ujemo na\u0161u web stranicu.Izrada web stranice je financirana europskim fondovima. Kako bismo vam pru\u017eili bolje korisni\u010dko iskustvo. Zahvaljujemo na strpljenju. Za sve upite ili informacije, slobodno nas kontaktirajte. Rezal d.o.o.Dra\u010devac 9, Split21000, Split Ra\u010dunovodstvoracunovodstvo@rezal.hr\u00a0021 374\u00a0303 Prodajarezal.split@rezal.hr<\/p>\n","protected":false},"author":1,"featured_media":0,"parent":0,"menu_order":0,"comment_status":"closed","ping_status":"closed","template":"elementor_canvas","meta":{"inline_featured_image":false,"footnotes":""},"_links":{"self":[{"href":"https:\/\/rezal.hr\/index.php?rest_route=\/wp\/v2\/pages\/2090"}],"collection":[{"href":"https:\/\/rezal.hr\/index.php?rest_route=\/wp\/v2\/pages"}],"about":[{"href":"https:\/\/rezal.hr\/index.php?rest_route=\/wp\/v2\/types\/page"}],"author":[{"embeddable":true,"href":"https:\/\/rezal.hr\/index.php?rest_route=\/wp\/v2\/users\/1"}],"replies":[{"embeddable":true,"href":"https:\/\/rezal.hr\/index.php?rest_route=%2Fwp%2Fv2%2Fcomments&post=2090"}],"version-history":[{"count":25,"href":"https:\/\/rezal.hr\/index.php?rest_route=\/wp\/v2\/pages\/2090\/revisions"}],"predecessor-version":[{"id":2145,"href":"https:\/\/rezal.hr\/index.php?rest_route=\/wp\/v2\/pages\/2090\/revisions\/2145"}],"wp:attachment":[{"href":"https:\/\/rezal.hr\/index.php?rest_route=%2Fwp%2Fv2%2Fmedia&parent=2090"}],"curies":[{"name":"wp","href":"https:\/\/api.w.org\/{rel}","templated":true}]}}